 factor of 295 and 15138161?
59
Calculate the greatest common factor of 93576299 and 43.
43
Calculate the greatest common factor of 1328 and 1946267.
83
What is the highest common factor of 15370 and 48267948?
3074
Calculate the greatest common factor of 620093896 and 1490.
298
What is the greatest common factor of 1368 and 748536?
24
What is the greatest common factor of 18 and 39668535?
9
Calculate the greatest common factor of 51 and 337861961.
17
What is the greatest common factor of 35604 and 155187?
387
Calculate the greatest common factor of 7455 and 44982.
21
Calculate the greatest common divisor of 425 and 7870025.
25
What is the highest common factor of 17051 and 719032?
289
Calculate the highest common divisor of 1420 and 1573951430.
710
Calculate the greatest common factor of 25 and 2846560.
5
Calculate the greatest common factor of 1301286 and 231.
21
Calculate the greatest common factor of 400 and 37545584.
16
Calculate the greatest common factor of 688726 and 718.
2
Calculate the highest common divisor of 69771 and 99489.
39
What is the greatest common divisor of 35568 and 2950168?
1976
What is the greatest common factor of 304319880 and 1440?
360
Calculate the highest common divisor of 434 and 5800452.
14
Calculate the highest common factor of 904800 and 57525.
975
Calculate the highest common divisor of 5776 and 137577100.
1444
Calculate the highest common divisor of 6558 and 1417042803.
3279
What is the highest common divisor of 136414849 and 3782?
1891
Calculate the highest common factor of 57586140 and 17820.
1620
What is the highest common divisor of 576372 and 2650641?
3351
Calculate the highest common factor of 3239387 and 74.
37
Calculate the highest common divisor of 12 and 6178818.
6
What is the highest common divisor of 8382278 and 1990?
398
Calculate the greatest common divisor of 2079791797 and 1347.
449
What is the highest common divisor of 31273938 and 852?
426
Calculate the highest common divisor of 612 and 858269.
1
Calculate the highest common factor of 148543648 and 48455.
9691
Calculate the highest common divisor of 20560 and 4458436.
1028
What is the highest common divisor of 80550 and 1936064?
358
What is the highest common factor of 14 and 360364718?
14
What is the highest common factor of 390 and 51002510?
130
Calculate the greatest common divisor of 495 and 1853951.
11
What is the highest common factor of 1116 and 6678268?
124
What is the highest common factor of 6015 and 3460229?
401
What is the greatest common divisor of 45175068 and 972?
36
Calculate the highest common divisor of 26520654 and 137792.
4306
Calculate the greatest common divisor of 161151504 and 16.
16
Calculate the greatest common divisor of 18 and 66821418.
18
Calculate the greatest common divisor of 79387952 and 8.
8
Calculate the greatest common factor of 253505 and 2625.
35
What is the highest common factor of 1032 and 2576388?
516
What is the greatest common divisor of 438943 and 19635652?
4027
What is the greatest common divisor of 3845372 and 15884?
1444
What is the highest common divisor of 7984107 and 113277?
183
Calculate the highest common factor of 260961 and 11433.
111
Calculate the greatest common factor of 43904 and 2968.
56
What is the highest common divisor of 2345 and 282823415?
2345
What is the highest common factor of 2103913 and 9702?
49
What is the greatest common factor of 517386 and 5088?
318
What is the greatest common factor of 14802 and 11958?
6
Calculate the greatest common divisor of 1573425 and 11795.
35
Calculate the highest common divisor of 3454398 and 5328.
18
Calculate the highest common divisor of 1472 and 4889432.
184
What is the highest common divisor of 37646508 and 24?
12
What is the greatest common factor of 2526658 and 1216?
38
Calculate the highest common divisor of 15344 and 37542932.
3836
Calculate the highest common factor of 25241916 and 84.
84
What is the greatest common factor of 88537 and 5477082?
3053
What is the greatest common factor of 2636277 and 8883?
987
Calculate the highest common factor of 1668 and 31813764.
1668
Calculate the greatest common divisor of 61027340 and 6248.
3124
What is the greatest common divisor of 20170629 and 9?
9
Calculate the highest common divisor of 14883341 and 685226.
5807
Calculate the highest common factor of 98012 and 341758.
214
What is the greatest common divisor of 60398973 and 27?
27
Calculate the greatest common divisor of 815930 and 62550.
1390
Calculate the greatest common factor of 6 and 5190759.
3
Calculate the highest common divisor of 582972486 and 549.
183
What is the highest common divisor of 33 and 138930451?
11
Calculate the highest common divisor of 426904 and 1606.
146
Calculate the greatest common factor of 133334 and 761558.
818
Calculate the highest common divisor of 4312 and 61352.
8
What is the greatest common divisor of 17261976 and 7416?
2472
What is the highest common factor of 5296540 and 16?
4
Calculate the highest common divisor of 274760672 and 114.
38
Calculate the highest common factor of 8 and 2012828728.
8
What is the greatest common divisor of 172824 and 62719?
19
Calculate the greatest common factor of 67228 and 7308.
28
What is the highest common factor of 833280 and 56000?
2240
What is the highest common divisor of 323396542 and 714?
238
Calculate the greatest common divisor of 1352202 and 50838.
222
What is the highest common factor of 227196824 and 12888?
1432
What is the greatest common factor of 198 and 2709558?
18
What is the greatest common divisor of 1509 and 21292493?
503
What is the greatest common factor of 246548483 and 2981?
271
Calculate the highest common divisor of 91544 and 15944.
8
Calculate the highest common factor of 4228 and 2091652.
604
Calculate the greatest common divisor of 3905504 and 39624.
1016
Calculate the highest common divisor of 90 and 4058430.
30
Calculate the greatest common divisor of 1407 and 16802997.
201
What is the highest common factor of 5390 and 340929358?
1078
What is the highest common divisor of 938 and 2003792?
14
Calculate the highest common factor of 12240 and 221472.
144
What is the greatest common divisor of 95646 and 12426?
114
What is the highest common factor of 210 and 9877350?
210
What is the highest common factor of 27602 and 377918?
74
What is the greatest common factor of 38141150 and 10?
10
Calculate the highest common factor of 238833 and 3263337.
1071
Calculate the highest common factor of 43192125 and 1125.
1125
Calculate the greatest common divisor of 115329627 and 21.
21
Calculate the greatest common divisor of 57986235 and 153.
153
What is the greatest common divisor of 540 and 495817092?
108
What is the greatest common divisor of 4435 and 31459229?
887
Calculate the greatest common divisor of 1700 and 102290525.
25
Calculate the highest common divisor of 759396636 and 684.
684
Calculate the highest common divisor of 289575 and 191400.
825
What is the greatest common factor of 1252 and 136043259?
313
What is the greatest common factor of 342798 and 210729?
57
What is the highest common factor of 42647 and 107349?
11
What is the greatest common divisor of 2156 and 222362?
98
What is the highest common divisor of 120 and 2004425520?
120
Calculate the highest common divisor of 384 and 6990312.
24
What is the greatest common factor of 58178 and 234574?
38
Calculate the highest common divisor of 2506461 and 18411.
57
Calculate the greatest common divisor of 45469 and 23411.
41
Calculate the highest common divisor of 9 and 85079.
1
Calculate the greatest common factor of 806 and 146965234.
806
What is the greatest common factor of 516242774 and 391?
391
Calculate the highest common divisor of 9398 and 7413764.
74
Calculate the highest common factor of 5418 and 12799548.
18
Calculate the greatest common factor of 12744981 and 9.
9
What is the greatest common divisor of 1458094 and 1177?
11
What is the highest common factor of 3233605831 and 1721?
1721
Calculate the greatest common divisor of 13954 and 67714.
2
What is the greatest common factor of 104876 and 114924?
628
What is the highest common factor of 15841 and 31296608?
217
What is the greatest common divisor of 52593437 and 221?
13
What is the greatest common divisor of 5533 and 421740?
11
Wha